11.
1
What is the highest common divisor of 86943 and 219?
219
What is the greatest common divisor of 94182 and 704?
22
Calculate the greatest common divisor of 209 and 43415.
19
Calculate the highest common factor of 8547 and 120435.
777
What is the highest common divisor of 35011 and 892?
223
What is the greatest common divisor of 62 and 50?
2
What is the highest common divisor of 1057 and 203?
7
What is the highest common divisor of 145520 and 6460?
340
What is the highest common divisor of 2957 and 13?
1
Calculate the highest common divisor of 2227 and 538017.
131
Calculate the highest common factor of 5871 and 627.
57
Calculate the highest common factor of 8379118 and 22.
22
Calculate the greatest common divisor of 149732 and 664.
332
Calculate the greatest common divisor of 586 and 104894.
586
Calculate the greatest common factor of 608373 and 69.
69
What is the greatest common divisor of 289470 and 45?
15
What is the greatest common factor of 138 and 424971?
69
What is the greatest common divisor of 30 and 2974875?
15
What is the highest common divisor of 25 and 664215?
5
What is the greatest common factor of 906 and 72782?
302
What is the greatest common factor of 428 and 15943?
107
Calculate the highest common divisor of 248495 and 65.
65
Calculate the greatest common factor of 161271 and 52569.
891
Calculate the highest common factor of 125879 and 1495.
299
What is the highest common factor of 3878896 and 118?
118
What is the highest common factor of 164440 and 280?
40
Calculate the greatest common factor of 2244 and 16416.
12
Calculate the highest common factor of 65 and 2100.
5
Calculate the highest common factor of 11104 and 138453.
347
What is the highest common divisor of 443 and 641021?
443
What is the greatest common divisor of 26 and 8?
2
Calculate the greatest common divisor of 112 and 107422.
14
What is the greatest common divisor of 1998 and 1776?
222
What is the greatest common factor of 161 and 1694?
7
What is the highest common divisor of 31884 and 300?
12
Calculate the highest common divisor of 3166588 and 248.
124
Calculate the highest common factor of 694053 and 469.
67
Calculate the highest common divisor of 2224 and 7228.
556
What is the highest common factor of 18 and 252891?
9
Calculate the highest common divisor of 1026570 and 95.
95
Calculate the greatest common factor of 1408 and 3744.
32
What is the greatest common divisor of 288 and 161440?
32
What is the greatest common divisor of 124 and 1617332?
124
What is the greatest common divisor of 5319842 and 66?
22
Calculate the highest common divisor of 900 and 1225.
25
What is the highest common factor of 83 and 7?
1
Calculate the greatest common divisor of 17134 and 494.
26
Calculate the greatest common divisor of 40 and 109660.
20
What is the greatest common factor of 140250 and 34?
34
Calculate the greatest common factor of 891 and 3729.
33
Calculate the greatest common factor of 440 and 60005.
55
What is the greatest common factor of 194843 and 11?
11
What is the greatest common factor of 8181 and 54?
27
Calculate the greatest common factor of 1435546 and 14.
14
What is the highest common factor of 1680 and 300048?
336
What is the highest common factor of 4142 and 1102?
38
What is the highest common factor of 935 and 5225?
55
Calculate the highest common factor of 8580 and 880308.
1716
Calculate the greatest common divisor of 535 and 1980035.
535
What is the greatest common factor of 1517 and 328369?
41
What is the highest common divisor of 132 and 79695?
33
Calculate the greatest common factor of 67337 and 28033.
289
Calculate the highest common factor of 71745 and 1695.
15
What is the greatest common factor of 399048 and 234?
78
Calculate the highest common factor of 490039 and 11.
11
Calculate the greatest common divisor of 444074 and 1412.
706
Calculate the greatest common factor of 61504 and 620.
124
Calculate the highest common factor of 15 and 11159205.
15
What is the highest common divisor of 272072 and 5112?
568
Calculate the highest common factor of 3095 and 79232.
619
Calculate the greatest common divisor of 6754 and 198.
22
What is the greatest common factor of 71942 and 650?
26
Calculate the greatest common factor of 47972 and 1253.
179
Calculate the highest common factor of 17025 and 120.
15
Calculate the greatest common divisor of 127736 and 35.
7
Calculate the greatest common divisor of 36 and 11646.
18
What is the greatest common divisor of 3068430 and 2070?
690
What is the greatest common divisor of 1216 and 19?
19
What is the greatest common factor of 27992 and 2456?
8
What is the greatest common factor of 36702 and 18?
18
What is the greatest common divisor of 104538 and 9975?
399
Calculate the highest common factor of 7178 and 259766.
194
What is the highest common factor of 31886 and 191614?
298
What is the highest common factor of 22678 and 232?
58
What is the highest common divisor of 4030 and 1630?
10
What is the greatest common divisor of 1206 and 4518?
18
Calculate the greatest common divisor of 63 and 1002141.
63
Calculate the highest common divisor of 399 and 3548307.
399
What is the greatest common factor of 1273915 and 10?
5
What is the greatest common divisor of 420 and 1223180?
140
Calculate the highest common factor of 390 and 127010.
130
Calculate the highest common factor of 1104 and 156752.
16
What is the highest common factor of 1395 and 11935?
155
Calculate the greatest common divisor of 36449 and 3977.
41
What is the greatest common divisor of 319564 and 3955?
791
Calculate the greatest common factor of 38 and 909929.
19
What is the highest common factor of 14067 and 4?
1
Calculate the greatest common factor of 5371 and 1066.
41
Calculate the greatest common factor of 32018 and 28.
14
Calculate the greatest common factor of 111 and 865023.
111
Calculate the greatest common factor of 77439 and 18660.
933
What is the greatest common factor of 1039720 and 374?
374
Calculate the greatest common divisor of 15 and 3441135.
15
What is the highest common factor of 154 and 21?
7
What is the highest common divisor of 28 and 85148?
28
What is the highest common divisor of 609 and 188139?
21
Calculate the highest common divisor of 80 and 80720.
80
What is the highest common factor of 1131358 and 3310?
662
Calculate the highest common divisor of 5612 and 2.
2
What is the highest common divisor of 2619 and 48?
3
What is the highest common divisor of 164067 and 255?
51
What is the highest common divisor of 748466 and 184?
46
Calculate the greatest common divisor of 38332 and 126.
14
Calculate the greatest common divisor of 49 and 1994153.
49
Calculate the greatest common divisor of 7332 and 312.
156
Calculate the greatest common factor of 17 and 127789.
17
What is the greatest common factor of 394 and 8423917?
197
What is the highest common factor of 108882 and 378?
18
Calculate the highest common divisor of 2562 and 9114.
42
What is the highest common factor of 503916 and 6762?
294
What is the highest common factor of 8 and 57832?
8
Calculate the greatest common divisor of 14 and 88207.
7
What is the highest common divisor of 196 and 464226?
98
What is the highest common factor of 22860 and 4380?
60
What is the greatest common factor of 540 and 4158?
54
What is the greatest common factor of 3312 and 128?
16
Calculate the highest common factor of 665 and 21850.
95
What is the greatest common divisor of 75 and 84885?
15
Calculate the highest common divisor of 1 and 55243.
1
What is the greatest common factor of 1620 and 302724?
108
What is the highest common divisor of 874630 and 270?
10
Calculate the highest common factor of 37 and 15344.
1
Calculate the highest common factor of 28305 and 5032.
629
What is the highest common divisor of 2782811 and 58?
29
Calculate the highest common factor of 9801 and 19239.
363
Calculate the highest common factor of 1272592 and 104.
8
Calculate the greatest common factor of 19158 and 18.
6
Calculate the greatest common factor of 94736 and 3820.
764
Calculate the highest common divisor of 368 and 378212.
92
What is the highest common divisor of 11918 and 1062?
118
What is the highest common factor of 148146 and 138?
6
Calculate the greatest common divisor of 253015 and 20.
5
Calculate the highes